{"id":525,"date":"2024-02-06T19:49:45","date_gmt":"2024-02-06T18:49:45","guid":{"rendered":"https:\/\/ppschiltigheim.net\/?page_id=525"},"modified":"2026-01-03T14:53:39","modified_gmt":"2026-01-03T13:53:39","slug":"jeunesse-2","status":"publish","type":"page","link":"https:\/\/ppschiltigheim.net\/index.php\/jeunesse-2\/","title":{"rendered":"JEUNESSE"},"content":{"rendered":"\n<p>Pour toute question au sujet des animations jeunesse : <br>pasteure Anne-Marie Heitz-Muller 06 72 47 06 69<br>ou <a href=\"mailto:paroisseprotestantebischheim@gmail.com\" target=\"_blank\" rel=\"noreferrer noopener\">paroisseprotestantebischheim@gmail.com<\/a><\/p>\n\n\n\n<div class=\"wp-block-media-text is-stacked-on-mobile\" style=\"grid-template-columns:49% auto\"><figure class=\"wp-block-media-text__media\"><img loading=\"lazy\" decoding=\"async\" width=\"640\" height=\"427\" src=\"https:\/\/ppschiltigheim.net\/wp-content\/uploads\/2024\/09\/flowers-3571119_640.jpg\" alt=\"\" class=\"wp-image-999 size-full\" srcset=\"https:\/\/ppschiltigheim.net\/wp-content\/uploads\/2024\/09\/flowers-3571119_640.jpg 640w, https:\/\/ppschiltigheim.net\/wp-content\/uploads\/2024\/09\/flowers-3571119_640-300x200.jpg 300w, https:\/\/ppschiltigheim.net\/wp-content\/uploads\/2024\/09\/flowers-3571119_640-450x300.jpg 450w\" sizes=\"auto, (max-width: 640px) 100vw, 640px\" \/><\/figure><div class=\"wp-block-media-text__content\">\n<p class=\"has-text-align-center has-small-font-size\"><br><\/p>\n\n\n\n<p class=\"has-text-align-center has-white-color has-blue-background-color has-text-color has-background has-small-font-size\">Le <strong>Jardin biblique <\/strong>s&rsquo;adresse \u00e0 tous les enfants du consistoire, de<strong> 5 \u00e0 11<\/strong> ans. Il est anim\u00e9 par des membres du Groupe des jeunes et les s\u00e9ances sont pr\u00e9par\u00e9es <br>avec la pasteure Anne-Marie. <\/p>\n\n\n\n<p><\/p>\n\n\n\n<p><\/p>\n<\/div><\/div>\n\n\n\n<div class=\"wp-block-media-text is-stacked-on-mobile\"><figure class=\"wp-block-media-text__media\"><img loading=\"lazy\" decoding=\"async\" width=\"640\" height=\"256\" src=\"https:\/\/ppschiltigheim.net\/wp-content\/uploads\/2024\/02\/Pixabay_volunteer-2055015_640-1.png\" alt=\"\" class=\"wp-image-532 size-full\" srcset=\"https:\/\/ppschiltigheim.net\/wp-content\/uploads\/2024\/02\/Pixabay_volunteer-2055015_640-1.png 640w, https:\/\/ppschiltigheim.net\/wp-content\/uploads\/2024\/02\/Pixabay_volunteer-2055015_640-1-300x120.png 300w, https:\/\/ppschiltigheim.net\/wp-content\/uploads\/2024\/02\/Pixabay_volunteer-2055015_640-1-500x200.png 500w\" sizes=\"auto, (max-width: 640px) 100vw, 640px\" \/><\/figure><div class=\"wp-block-media-text__content\">\n<p class=\"has-small-font-size\"><\/p>\n\n\n\n<p class=\"has-text-align-center has-white-color has-blue-background-color has-text-color has-background has-link-color has-small-font-size wp-elements-761a43147779ef0c08322b80ee804ca9\">Le cat\u00e9chisme, pour les jeunes n\u00e9s en 2013 ou avant. Il aura lieu en 2025-2026 <em>le samedi matin tous les quinze jours \u00e0 l&rsquo;\u00e9glise St-Michel<\/em>, avec \u00e9galement une retraite (vacances d&rsquo;octobre). Les jeunes animent aussi des cultes dans toutes les paroisses du consistoire.<\/p>\n\n\n\n<p class=\"has-text-align-center has-small-font-size\"><\/p>\n<\/div><\/div>\n\n\n\n<div class=\"wp-block-media-text is-stacked-on-mobile\"><figure class=\"wp-block-media-text__media\"><img loading=\"lazy\" decoding=\"async\" width=\"640\" height=\"432\" src=\"https:\/\/ppschiltigheim.net\/wp-content\/uploads\/2024\/02\/Pixabay_pizza-1442946_640.jpg\" alt=\"\" class=\"wp-image-533 size-full\" srcset=\"https:\/\/ppschiltigheim.net\/wp-content\/uploads\/2024\/02\/Pixabay_pizza-1442946_640.jpg 640w, https:\/\/ppschiltigheim.net\/wp-content\/uploads\/2024\/02\/Pixabay_pizza-1442946_640-300x203.jpg 300w, https:\/\/ppschiltigheim.net\/wp-content\/uploads\/2024\/02\/Pixabay_pizza-1442946_640-444x300.jpg 444w\" sizes=\"auto, (max-width: 640px) 100vw, 640px\" \/><\/figure><div class=\"wp-block-media-text__content\">\n<p><\/p>\n\n\n\n<p class=\"has-text-align-center has-small-font-size\"><\/p>\n\n\n\n<p class=\"has-text-align-center has-white-color has-blue-background-color has-text-color has-background has-link-color has-small-font-size wp-elements-8a16dc4dccc031f8d3b52bc9d66fa777\">Les <strong>plus de 14 ans<\/strong> se retrouvent un vendredi soir par <strong><em>mois \u00e0 l&rsquo;\u00e9glise St-Michel<\/em><\/strong> : discuter des sujets qui touchent et pr\u00e9occupent, sortir, participer \u00e0 des actions solidaires&#8230; selon nos envies.<\/p>\n\n\n\n<p class=\"has-small-font-size\"><\/p>\n<\/div><\/div>\n","protected":false},"excerpt":{"rendered":"<p>Pour toute question au sujet des animations jeunesse : pasteure Anne-Marie Heitz-Muller 06 72 47 06 69ou paroisseprotestantebischheim@gmail.com Le Jardin biblique s&rsquo;adresse \u00e0 tous les enfants du consistoire, de 5 \u00e0 11 ans. Il est anim\u00e9 par des membres du &hellip; <a href=\"https:\/\/ppschiltigheim.net\/index.php\/jeunesse-2\/\">Continuer la lecture <span class=\"meta-nav\">&rarr;<\/span><\/a><\/p>\n","protected":false},"author":3,"featured_media":0,"parent":0,"menu_order":0,"comment_status":"closed","ping_status":"closed","template":"","meta":{"footnotes":""},"class_list":["post-525","page","type-page","status-publish","hentry"],"_links":{"self":[{"href":"https:\/\/ppschiltigheim.net\/index.php\/wp-json\/wp\/v2\/pages\/525","targetHints":{"allow":["GET"]}}],"collection":[{"href":"https:\/\/ppschiltigheim.net\/index.php\/wp-json\/wp\/v2\/pages"}],"about":[{"href":"https:\/\/ppschiltigheim.net\/index.php\/wp-json\/wp\/v2\/types\/page"}],"author":[{"embeddable":true,"href":"https:\/\/ppschiltigheim.net\/index.php\/wp-json\/wp\/v2\/users\/3"}],"replies":[{"embeddable":true,"href":"https:\/\/ppschiltigheim.net\/index.php\/wp-json\/wp\/v2\/comments?post=525"}],"version-history":[{"count":33,"href":"https:\/\/ppschiltigheim.net\/index.php\/wp-json\/wp\/v2\/pages\/525\/revisions"}],"predecessor-version":[{"id":1473,"href":"https:\/\/ppschiltigheim.net\/index.php\/wp-json\/wp\/v2\/pages\/525\/revisions\/1473"}],"wp:attachment":[{"href":"https:\/\/ppschiltigheim.net\/index.php\/wp-json\/wp\/v2\/media?parent=525"}],"curies":[{"name":"wp","href":"https:\/\/api.w.org\/{rel}","templated":true}]}}