{"id":79,"date":"2023-05-27T10:04:46","date_gmt":"2023-05-27T08:04:46","guid":{"rendered":"https:\/\/ppschiltigheim.net\/?page_id=79"},"modified":"2026-03-31T07:14:08","modified_gmt":"2026-03-31T05:14:08","slug":"plan-des-cultes","status":"publish","type":"page","link":"https:\/\/ppschiltigheim.net\/index.php\/plan-des-cultes\/","title":{"rendered":"CULTES"},"content":{"rendered":"\n<figure class=\"wp-block-gallery has-nested-images columns-default is-cropped wp-block-gallery-1 is-layout-flex wp-block-gallery-is-layout-flex\">\n<figure class=\"wp-block-image size-large\"><img loading=\"lazy\" decoding=\"async\" width=\"1024\" height=\"766\" data-id=\"135\" src=\"https:\/\/ppschiltigheim.net\/wp-content\/uploads\/2023\/05\/IMG_20230527_150241-1024x766.jpg\" alt=\"\" class=\"wp-image-135\" srcset=\"https:\/\/ppschiltigheim.net\/wp-content\/uploads\/2023\/05\/IMG_20230527_150241-1024x766.jpg 1024w, https:\/\/ppschiltigheim.net\/wp-content\/uploads\/2023\/05\/IMG_20230527_150241-300x224.jpg 300w, https:\/\/ppschiltigheim.net\/wp-content\/uploads\/2023\/05\/IMG_20230527_150241-768x574.jpg 768w, https:\/\/ppschiltigheim.net\/wp-content\/uploads\/2023\/05\/IMG_20230527_150241-1536x1149.jpg 1536w, https:\/\/ppschiltigheim.net\/wp-content\/uploads\/2023\/05\/IMG_20230527_150241-2048x1532.jpg 2048w, https:\/\/ppschiltigheim.net\/wp-content\/uploads\/2023\/05\/IMG_20230527_150241-401x300.jpg 401w\" sizes=\"auto, (max-width: 1024px) 100vw, 1024px\" \/><figcaption class=\"wp-element-caption\">\u00e9glise rue Principale<\/figcaption><\/figure>\n\n\n\n<figure class=\"wp-block-image size-large\"><img loading=\"lazy\" decoding=\"async\" width=\"1024\" height=\"766\" data-id=\"132\" src=\"https:\/\/ppschiltigheim.net\/wp-content\/uploads\/2023\/05\/IMG_20230527_144534-1-1024x766.jpg\" alt=\"\" class=\"wp-image-132\" srcset=\"https:\/\/ppschiltigheim.net\/wp-content\/uploads\/2023\/05\/IMG_20230527_144534-1-1024x766.jpg 1024w, https:\/\/ppschiltigheim.net\/wp-content\/uploads\/2023\/05\/IMG_20230527_144534-1-300x224.jpg 300w, https:\/\/ppschiltigheim.net\/wp-content\/uploads\/2023\/05\/IMG_20230527_144534-1-768x574.jpg 768w, https:\/\/ppschiltigheim.net\/wp-content\/uploads\/2023\/05\/IMG_20230527_144534-1-1536x1149.jpg 1536w, https:\/\/ppschiltigheim.net\/wp-content\/uploads\/2023\/05\/IMG_20230527_144534-1-2048x1532.jpg 2048w, https:\/\/ppschiltigheim.net\/wp-content\/uploads\/2023\/05\/IMG_20230527_144534-1-401x300.jpg 401w\" sizes=\"auto, (max-width: 1024px) 100vw, 1024px\" \/><figcaption class=\"wp-element-caption\">\u00e9glise de la Trinit\u00e9<\/figcaption><\/figure>\n<\/figure>\n\n\n\n<p class=\"has-text-align-center\">Les cultes ont lieu le dimanche \u00e0 10h, alternativement rue Principale et \u00e0 la Trinit\u00e9 ainsi que dans une autre paroisse de notre consistoire &#8211; <em>voir plan des cultes <\/em>ci-dessous<\/p>\n\n\n\n<p class=\"has-text-align-center\"><strong>(cliquer sur l&rsquo;image pour l&rsquo;agrandir)<\/strong><\/p>\n\n\n\n<figure class=\"wp-block-image size-large\"><a href=\"https:\/\/ppschiltigheim.net\/wp-content\/uploads\/2026\/03\/Plan-des-Cultes.pdf\"><img loading=\"lazy\" decoding=\"async\" width=\"1024\" height=\"746\" src=\"https:\/\/ppschiltigheim.net\/wp-content\/uploads\/2026\/03\/Plan-des-cultes--1024x746.jpg\" alt=\"\" class=\"wp-image-1516\" srcset=\"https:\/\/ppschiltigheim.net\/wp-content\/uploads\/2026\/03\/Plan-des-cultes--1024x746.jpg 1024w, https:\/\/ppschiltigheim.net\/wp-content\/uploads\/2026\/03\/Plan-des-cultes--300x218.jpg 300w, https:\/\/ppschiltigheim.net\/wp-content\/uploads\/2026\/03\/Plan-des-cultes--768x559.jpg 768w, https:\/\/ppschiltigheim.net\/wp-content\/uploads\/2026\/03\/Plan-des-cultes--1536x1118.jpg 1536w, https:\/\/ppschiltigheim.net\/wp-content\/uploads\/2026\/03\/Plan-des-cultes--2048x1491.jpg 2048w, https:\/\/ppschiltigheim.net\/wp-content\/uploads\/2026\/03\/Plan-des-cultes--412x300.jpg 412w\" sizes=\"auto, (max-width: 1024px) 100vw, 1024px\" \/><\/a><\/figure>\n\n\n\n<div class=\"wp-block-media-text is-stacked-on-mobile\"><figure class=\"wp-block-media-text__media\"><img loading=\"lazy\" decoding=\"async\" width=\"640\" height=\"427\" src=\"https:\/\/ppschiltigheim.net\/wp-content\/uploads\/2024\/02\/Pixabay_age_mains.jpg\" alt=\"\" class=\"wp-image-456 size-full\" srcset=\"https:\/\/ppschiltigheim.net\/wp-content\/uploads\/2024\/02\/Pixabay_age_mains.jpg 640w, https:\/\/ppschiltigheim.net\/wp-content\/uploads\/2024\/02\/Pixabay_age_mains-300x200.jpg 300w, https:\/\/ppschiltigheim.net\/wp-content\/uploads\/2024\/02\/Pixabay_age_mains-450x300.jpg 450w\" sizes=\"auto, (max-width: 640px) 100vw, 640px\" \/><\/figure><div class=\"wp-block-media-text__content\">\n<p><strong>Maisons de retraite<\/strong><br>Un culte a lieu <br>tous les derniers jeudi du mois \u00e0 15h au <em>Foyer Soleil. <\/em><br>Ce culte est ouvert \u00e0 tous.<br>Pour les r\u00e9sidences de l&rsquo;Aar <br>et St-Charles, s&rsquo;adresser au pasteur.<\/p>\n<\/div><\/div>\n","protected":false},"excerpt":{"rendered":"<p>Les cultes ont lieu le dimanche \u00e0 10h, alternativement rue Principale et \u00e0 la Trinit\u00e9 ainsi que dans une autre paroisse de notre consistoire &#8211; voir plan des cultes ci-dessous (cliquer sur l&rsquo;image pour l&rsquo;agrandir) Maisons de retraiteUn culte a &hellip; <a href=\"https:\/\/ppschiltigheim.net\/index.php\/plan-des-cultes\/\">Continuer la lecture <span class=\"meta-nav\">&rarr;<\/span><\/a><\/p>\n","protected":false},"author":1,"featured_media":0,"parent":0,"menu_order":0,"comment_status":"closed","ping_status":"closed","template":"","meta":{"footnotes":""},"class_list":["post-79","page","type-page","status-publish","hentry"],"_links":{"self":[{"href":"https:\/\/ppschiltigheim.net\/index.php\/wp-json\/wp\/v2\/pages\/79","targetHints":{"allow":["GET"]}}],"collection":[{"href":"https:\/\/ppschiltigheim.net\/index.php\/wp-json\/wp\/v2\/pages"}],"about":[{"href":"https:\/\/ppschiltigheim.net\/index.php\/wp-json\/wp\/v2\/types\/page"}],"author":[{"embeddable":true,"href":"https:\/\/ppschiltigheim.net\/index.php\/wp-json\/wp\/v2\/users\/1"}],"replies":[{"embeddable":true,"href":"https:\/\/ppschiltigheim.net\/index.php\/wp-json\/wp\/v2\/comments?post=79"}],"version-history":[{"count":73,"href":"https:\/\/ppschiltigheim.net\/index.php\/wp-json\/wp\/v2\/pages\/79\/revisions"}],"predecessor-version":[{"id":1528,"href":"https:\/\/ppschiltigheim.net\/index.php\/wp-json\/wp\/v2\/pages\/79\/revisions\/1528"}],"wp:attachment":[{"href":"https:\/\/ppschiltigheim.net\/index.php\/wp-json\/wp\/v2\/media?parent=79"}],"curies":[{"name":"wp","href":"https:\/\/api.w.org\/{rel}","templated":true}]}}