{"id":90,"date":"2023-05-27T10:40:02","date_gmt":"2023-05-27T08:40:02","guid":{"rendered":"https:\/\/ppschiltigheim.net\/?page_id=90"},"modified":"2026-03-31T07:08:32","modified_gmt":"2026-03-31T05:08:32","slug":"grains-de-sel-2","status":"publish","type":"page","link":"https:\/\/ppschiltigheim.net\/index.php\/grains-de-sel-2\/","title":{"rendered":"GRAINS DE SEL"},"content":{"rendered":"\n<div class=\"wp-block-media-text is-stacked-on-mobile\" style=\"grid-template-columns:39% auto\"><figure class=\"wp-block-media-text__media\"><img loading=\"lazy\" decoding=\"async\" width=\"746\" height=\"1024\" src=\"https:\/\/ppschiltigheim.net\/wp-content\/uploads\/2026\/03\/IMG_0001-746x1024.jpg\" alt=\"\" class=\"wp-image-1514 size-full\" srcset=\"https:\/\/ppschiltigheim.net\/wp-content\/uploads\/2026\/03\/IMG_0001-746x1024.jpg 746w, https:\/\/ppschiltigheim.net\/wp-content\/uploads\/2026\/03\/IMG_0001-218x300.jpg 218w, https:\/\/ppschiltigheim.net\/wp-content\/uploads\/2026\/03\/IMG_0001-768x1055.jpg 768w, https:\/\/ppschiltigheim.net\/wp-content\/uploads\/2026\/03\/IMG_0001-1118x1536.jpg 1118w, https:\/\/ppschiltigheim.net\/wp-content\/uploads\/2026\/03\/IMG_0001-1491x2048.jpg 1491w, https:\/\/ppschiltigheim.net\/wp-content\/uploads\/2026\/03\/IMG_0001-scaled.jpg 1864w\" sizes=\"auto, (max-width: 746px) 100vw, 746px\" \/><\/figure><div class=\"wp-block-media-text__content\">\n<p><a href=\"https:\/\/ppschiltigheim.net\/wp-content\/uploads\/2026\/03\/Le-Nouveau-Messager-avril-mai-2026.pdf\" target=\"_blank\" rel=\"noreferrer noopener\">Cliquez ici pour t\u00e9l\u00e9charger votre exemplaire<\/a><\/p>\n<\/div><\/div>\n\n\n\n<p><\/p>\n\n\n\n<div class=\"wp-block-media-text is-stacked-on-mobile\" style=\"grid-template-columns:39% auto\"><figure class=\"wp-block-media-text__media\"><img loading=\"lazy\" decoding=\"async\" width=\"724\" height=\"1024\" src=\"https:\/\/ppschiltigheim.net\/wp-content\/uploads\/2025\/11\/GRAINS-DE-SEL-N26-PAGE-1-724x1024.jpg\" alt=\"\" class=\"wp-image-1434 size-full\" srcset=\"https:\/\/ppschiltigheim.net\/wp-content\/uploads\/2025\/11\/GRAINS-DE-SEL-N26-PAGE-1-724x1024.jpg 724w, https:\/\/ppschiltigheim.net\/wp-content\/uploads\/2025\/11\/GRAINS-DE-SEL-N26-PAGE-1-212x300.jpg 212w, https:\/\/ppschiltigheim.net\/wp-content\/uploads\/2025\/11\/GRAINS-DE-SEL-N26-PAGE-1-768x1086.jpg 768w, https:\/\/ppschiltigheim.net\/wp-content\/uploads\/2025\/11\/GRAINS-DE-SEL-N26-PAGE-1-1086x1536.jpg 1086w, https:\/\/ppschiltigheim.net\/wp-content\/uploads\/2025\/11\/GRAINS-DE-SEL-N26-PAGE-1.jpg 1190w\" sizes=\"auto, (max-width: 724px) 100vw, 724px\" \/><\/figure><div class=\"wp-block-media-text__content\">\n<p><a href=\"https:\/\/ppschiltigheim.net\/wp-content\/uploads\/2025\/11\/GRAINS-DE-SEL-N26.pdf\" target=\"_blank\" rel=\"noreferrer noopener\">Cliquez ici pour t\u00e9l\u00e9charger votre exemplaire<\/a><\/p>\n<\/div><\/div>\n\n\n\n<p><\/p>\n\n\n\n<div class=\"wp-block-media-text is-stacked-on-mobile\" style=\"grid-template-columns:39% auto\"><figure class=\"wp-block-media-text__media\"><img loading=\"lazy\" decoding=\"async\" width=\"724\" height=\"1024\" src=\"https:\/\/ppschiltigheim.net\/wp-content\/uploads\/2025\/09\/Edito-n\u00b025-724x1024.png\" alt=\"\" class=\"wp-image-1367 size-full\" srcset=\"https:\/\/ppschiltigheim.net\/wp-content\/uploads\/2025\/09\/Edito-n\u00b025-724x1024.png 724w, https:\/\/ppschiltigheim.net\/wp-content\/uploads\/2025\/09\/Edito-n\u00b025-212x300.png 212w, https:\/\/ppschiltigheim.net\/wp-content\/uploads\/2025\/09\/Edito-n\u00b025-768x1086.png 768w, https:\/\/ppschiltigheim.net\/wp-content\/uploads\/2025\/09\/Edito-n\u00b025-1086x1536.png 1086w, https:\/\/ppschiltigheim.net\/wp-content\/uploads\/2025\/09\/Edito-n\u00b025.png 1240w\" sizes=\"auto, (max-width: 724px) 100vw, 724px\" \/><\/figure><div class=\"wp-block-media-text__content\">\n<p><a href=\"https:\/\/ppschiltigheim.net\/wp-content\/uploads\/2025\/09\/GRAINS-DE-SEL-N25.pdf\" target=\"_blank\" rel=\"noreferrer noopener\">Cliquez ici pour t\u00e9l\u00e9charger votre exemplaire<\/a><\/p>\n<\/div><\/div>\n\n\n\n<p><\/p>\n\n\n\n<div class=\"wp-block-media-text is-stacked-on-mobile\" style=\"grid-template-columns:39% auto\"><figure class=\"wp-block-media-text__media\"><img loading=\"lazy\" decoding=\"async\" width=\"724\" height=\"1024\" src=\"https:\/\/ppschiltigheim.net\/wp-content\/uploads\/2025\/05\/GRAINS-DE-SEL-N24-page-1-724x1024.jpg\" alt=\"\" class=\"wp-image-1342 size-full\" srcset=\"https:\/\/ppschiltigheim.net\/wp-content\/uploads\/2025\/05\/GRAINS-DE-SEL-N24-page-1-724x1024.jpg 724w, https:\/\/ppschiltigheim.net\/wp-content\/uploads\/2025\/05\/GRAINS-DE-SEL-N24-page-1-212x300.jpg 212w, https:\/\/ppschiltigheim.net\/wp-content\/uploads\/2025\/05\/GRAINS-DE-SEL-N24-page-1-768x1086.jpg 768w, https:\/\/ppschiltigheim.net\/wp-content\/uploads\/2025\/05\/GRAINS-DE-SEL-N24-page-1-1086x1536.jpg 1086w, https:\/\/ppschiltigheim.net\/wp-content\/uploads\/2025\/05\/GRAINS-DE-SEL-N24-page-1.jpg 1190w\" sizes=\"auto, (max-width: 724px) 100vw, 724px\" \/><\/figure><div class=\"wp-block-media-text__content\">\n<p><a href=\"https:\/\/ppschiltigheim.net\/wp-content\/uploads\/2025\/05\/GRAINS-DE-SEL-N24.pdf\" target=\"_blank\" rel=\"noreferrer noopener\">Cliquez ici pour t\u00e9l\u00e9charger votre exemplaire<\/a><\/p>\n<\/div><\/div>\n\n\n\n<p><\/p>\n\n\n\n<div class=\"wp-block-media-text is-stacked-on-mobile\" style=\"grid-template-columns:39% auto\"><figure class=\"wp-block-media-text__media\"><a href=\"https:\/\/ppschiltigheim.net\/valerie-grains-de-sel-n23_page_1\/\"><img loading=\"lazy\" decoding=\"async\" width=\"728\" height=\"1024\" src=\"https:\/\/ppschiltigheim.net\/wp-content\/uploads\/2025\/02\/VALERIE-GRAINS-DE-SEL-N23_Page_1-728x1024.png\" alt=\"\" class=\"wp-image-1236 size-full\" srcset=\"https:\/\/ppschiltigheim.net\/wp-content\/uploads\/2025\/02\/VALERIE-GRAINS-DE-SEL-N23_Page_1-728x1024.png 728w, https:\/\/ppschiltigheim.net\/wp-content\/uploads\/2025\/02\/VALERIE-GRAINS-DE-SEL-N23_Page_1-213x300.png 213w, https:\/\/ppschiltigheim.net\/wp-content\/uploads\/2025\/02\/VALERIE-GRAINS-DE-SEL-N23_Page_1-768x1080.png 768w, https:\/\/ppschiltigheim.net\/wp-content\/uploads\/2025\/02\/VALERIE-GRAINS-DE-SEL-N23_Page_1-1092x1536.png 1092w, https:\/\/ppschiltigheim.net\/wp-content\/uploads\/2025\/02\/VALERIE-GRAINS-DE-SEL-N23_Page_1-1456x2048.png 1456w\" sizes=\"auto, (max-width: 728px) 100vw, 728px\" \/><\/a><\/figure><div class=\"wp-block-media-text__content\">\n<p><a href=\"https:\/\/ppschiltigheim.net\/wp-content\/uploads\/2025\/02\/GRAINS-DE-SEL-N23.pdf\" target=\"_blank\" rel=\"noreferrer noopener\">Cliquez ici pour t\u00e9l\u00e9charger votre exemplaire<\/a><\/p>\n<\/div><\/div>\n\n\n\n<p><\/p>\n\n\n\n<div class=\"wp-block-media-text is-stacked-on-mobile\" style=\"grid-template-columns:39% auto\"><figure class=\"wp-block-media-text__media\"><img loading=\"lazy\" decoding=\"async\" width=\"724\" height=\"1024\" src=\"https:\/\/ppschiltigheim.net\/wp-content\/uploads\/2024\/12\/GRAINS-DE-SEL-N22-724x1024.jpg\" alt=\"\" class=\"wp-image-1152 size-full\" srcset=\"https:\/\/ppschiltigheim.net\/wp-content\/uploads\/2024\/12\/GRAINS-DE-SEL-N22-724x1024.jpg 724w, https:\/\/ppschiltigheim.net\/wp-content\/uploads\/2024\/12\/GRAINS-DE-SEL-N22-212x300.jpg 212w, https:\/\/ppschiltigheim.net\/wp-content\/uploads\/2024\/12\/GRAINS-DE-SEL-N22-768x1086.jpg 768w, https:\/\/ppschiltigheim.net\/wp-content\/uploads\/2024\/12\/GRAINS-DE-SEL-N22-1086x1536.jpg 1086w, https:\/\/ppschiltigheim.net\/wp-content\/uploads\/2024\/12\/GRAINS-DE-SEL-N22.jpg 1240w\" sizes=\"auto, (max-width: 724px) 100vw, 724px\" \/><\/figure><div class=\"wp-block-media-text__content\">\n<p><a href=\"https:\/\/ppschiltigheim.net\/wp-content\/uploads\/2024\/12\/GRAINS-DE-SEL-N22-1.pdf\" target=\"_blank\" rel=\"noreferrer noopener\">Cliquez ici pour t\u00e9l\u00e9charger votre exemplaire<\/a><\/p>\n<\/div><\/div>\n\n\n\n<p><\/p>\n\n\n\n<div class=\"wp-block-media-text is-stacked-on-mobile\" style=\"grid-template-columns:39% auto\"><figure class=\"wp-block-media-text__media\"><img loading=\"lazy\" decoding=\"async\" width=\"728\" height=\"1024\" src=\"https:\/\/ppschiltigheim.net\/wp-content\/uploads\/2024\/09\/GRAINS-DE-SEL-N21-page-001-728x1024.jpg\" alt=\"\" class=\"wp-image-985 size-full\" srcset=\"https:\/\/ppschiltigheim.net\/wp-content\/uploads\/2024\/09\/GRAINS-DE-SEL-N21-page-001-728x1024.jpg 728w, https:\/\/ppschiltigheim.net\/wp-content\/uploads\/2024\/09\/GRAINS-DE-SEL-N21-page-001-213x300.jpg 213w, https:\/\/ppschiltigheim.net\/wp-content\/uploads\/2024\/09\/GRAINS-DE-SEL-N21-page-001-768x1080.jpg 768w, https:\/\/ppschiltigheim.net\/wp-content\/uploads\/2024\/09\/GRAINS-DE-SEL-N21-page-001-1092x1536.jpg 1092w, https:\/\/ppschiltigheim.net\/wp-content\/uploads\/2024\/09\/GRAINS-DE-SEL-N21-page-001.jpg 1264w\" sizes=\"auto, (max-width: 728px) 100vw, 728px\" \/><\/figure><div class=\"wp-block-media-text__content\">\n<p><a href=\"https:\/\/ppschiltigheim.net\/wp-content\/uploads\/2024\/09\/GRAINS-DE-SEL-N21.pdf\" target=\"_blank\" rel=\"noreferrer noopener\">Cliquez ici pour t\u00e9l\u00e9charger votre exemplaire<\/a><\/p>\n<\/div><\/div>\n\n\n\n<div class=\"wp-block-media-text is-stacked-on-mobile\" style=\"grid-template-columns:39% auto\"><figure class=\"wp-block-media-text__media\"><img loading=\"lazy\" decoding=\"async\" width=\"728\" height=\"1024\" src=\"https:\/\/ppschiltigheim.net\/wp-content\/uploads\/2024\/05\/GRAINS-DE-SEL-N20-8-PAGES-page-001-728x1024.jpg\" alt=\"\" class=\"wp-image-869 size-full\" srcset=\"https:\/\/ppschiltigheim.net\/wp-content\/uploads\/2024\/05\/GRAINS-DE-SEL-N20-8-PAGES-page-001-728x1024.jpg 728w, https:\/\/ppschiltigheim.net\/wp-content\/uploads\/2024\/05\/GRAINS-DE-SEL-N20-8-PAGES-page-001-213x300.jpg 213w, https:\/\/ppschiltigheim.net\/wp-content\/uploads\/2024\/05\/GRAINS-DE-SEL-N20-8-PAGES-page-001-768x1080.jpg 768w, https:\/\/ppschiltigheim.net\/wp-content\/uploads\/2024\/05\/GRAINS-DE-SEL-N20-8-PAGES-page-001-1092x1536.jpg 1092w, https:\/\/ppschiltigheim.net\/wp-content\/uploads\/2024\/05\/GRAINS-DE-SEL-N20-8-PAGES-page-001.jpg 1264w\" sizes=\"auto, (max-width: 728px) 100vw, 728px\" \/><\/figure><div class=\"wp-block-media-text__content\">\n<p><a href=\"https:\/\/ppschiltigheim.net\/wp-content\/uploads\/2024\/05\/GRAINS-DE-SEL-N20-8-PAGES-en-cours.pdf\" target=\"_blank\" rel=\"noreferrer noopener\">Cliquez ici pour t\u00e9l\u00e9charger votre exemplaire<\/a><\/p>\n\n\n\n<p>Retrouver <a href=\"https:\/\/ppschiltigheim.net\/index.php\/ressources\/\" target=\"_blank\" rel=\"noreferrer noopener\">ici l<\/a>&lsquo;article de JP. Willaime<br>\u00ab\u00a0Le protestantisme a pr\u00e9caris\u00e9 <br>le christianisme, mais il l\u2019a aussi<br>rendu apte \u00e0 se r\u00e9former sans cesse\u00a0\u00bb<\/p>\n<\/div><\/div>\n\n\n\n<div class=\"wp-block-media-text is-stacked-on-mobile\" style=\"grid-template-columns:39% auto\"><figure class=\"wp-block-media-text__media\"><img loading=\"lazy\" decoding=\"async\" width=\"734\" height=\"1024\" src=\"https:\/\/ppschiltigheim.net\/wp-content\/uploads\/2024\/02\/GRAINS-DE-SEL-N19-page-001-734x1024.jpg\" alt=\"\" class=\"wp-image-701 size-full\" srcset=\"https:\/\/ppschiltigheim.net\/wp-content\/uploads\/2024\/02\/GRAINS-DE-SEL-N19-page-001-734x1024.jpg 734w, https:\/\/ppschiltigheim.net\/wp-content\/uploads\/2024\/02\/GRAINS-DE-SEL-N19-page-001-215x300.jpg 215w, https:\/\/ppschiltigheim.net\/wp-content\/uploads\/2024\/02\/GRAINS-DE-SEL-N19-page-001-768x1072.jpg 768w, https:\/\/ppschiltigheim.net\/wp-content\/uploads\/2024\/02\/GRAINS-DE-SEL-N19-page-001-1101x1536.jpg 1101w, https:\/\/ppschiltigheim.net\/wp-content\/uploads\/2024\/02\/GRAINS-DE-SEL-N19-page-001.jpg 1299w\" sizes=\"auto, (max-width: 734px) 100vw, 734px\" \/><\/figure><div class=\"wp-block-media-text__content\">\n<p><a href=\"https:\/\/ppschiltigheim.net\/wp-content\/uploads\/2024\/02\/GRAINS-DE-SEL-N19.pdf\">Cliq<\/a><a href=\"https:\/\/ppschiltigheim.net\/wp-content\/uploads\/2024\/02\/GRAINS-DE-SEL-N19.pdf\" target=\"_blank\" rel=\"noreferrer noopener\">uez ici pour t\u00e9l\u00e9charger votre exemplaire<\/a><\/p>\n<\/div><\/div>\n\n\n\n<div class=\"wp-block-media-text is-stacked-on-mobile is-vertically-aligned-bottom\" style=\"grid-template-columns:39% auto\"><figure class=\"wp-block-media-text__media\"><a href=\"https:\/\/ppschiltigheim.net\/wp-content\/uploads\/2023\/11\/GRAINS-DE-SEL-N\u00b018.pdf\"><img loading=\"lazy\" decoding=\"async\" width=\"440\" height=\"627\" src=\"https:\/\/ppschiltigheim.net\/wp-content\/uploads\/2023\/11\/Grains-de-sel-n\u00b018.png\" alt=\"\" class=\"wp-image-314 size-full\" srcset=\"https:\/\/ppschiltigheim.net\/wp-content\/uploads\/2023\/11\/Grains-de-sel-n\u00b018.png 440w, https:\/\/ppschiltigheim.net\/wp-content\/uploads\/2023\/11\/Grains-de-sel-n\u00b018-211x300.png 211w\" sizes=\"auto, (max-width: 440px) 100vw, 440px\" \/><\/a><\/figure><div class=\"wp-block-media-text__content\">\n<p><a href=\"https:\/\/ppschiltigheim.net\/wp-content\/uploads\/2023\/11\/GRAINS-DE-SEL-N\u00b018.pdf\">Cliquez ici pour t\u00e9l\u00e9charger votre exemplaire <\/a><\/p>\n<\/div><\/div>\n\n\n\n<figure class=\"wp-block-image size-large is-resized\"><a href=\" https:\/\/ppschiltigheim.net\/index.php\/grains-de-sel-2\/grains-de-sel-n17-8-pages-2\/ \u200e\"><img loading=\"lazy\" decoding=\"async\" width=\"738\" height=\"1024\" src=\"https:\/\/ppschiltigheim.net\/wp-content\/uploads\/2023\/09\/IMPRESSION-GDS-N\u00b017_Page_1-738x1024.png\" alt=\"\" class=\"wp-image-204\" style=\"width:247px;height:auto\" srcset=\"https:\/\/ppschiltigheim.net\/wp-content\/uploads\/2023\/09\/IMPRESSION-GDS-N\u00b017_Page_1-738x1024.png 738w, https:\/\/ppschiltigheim.net\/wp-content\/uploads\/2023\/09\/IMPRESSION-GDS-N\u00b017_Page_1-216x300.png 216w, https:\/\/ppschiltigheim.net\/wp-content\/uploads\/2023\/09\/IMPRESSION-GDS-N\u00b017_Page_1-768x1065.png 768w, https:\/\/ppschiltigheim.net\/wp-content\/uploads\/2023\/09\/IMPRESSION-GDS-N\u00b017_Page_1-1108x1536.png 1108w, https:\/\/ppschiltigheim.net\/wp-content\/uploads\/2023\/09\/IMPRESSION-GDS-N\u00b017_Page_1-1477x2048.png 1477w\" sizes=\"auto, (max-width: 738px) 100vw, 738px\" \/><\/a><figcaption class=\"wp-element-caption\"><a href=\"https:\/\/ppschiltigheim.net\/wp-content\/uploads\/2023\/09\/GRAINS-DE-SEL-N\u00b017-8-PAGES-1.pdf\">Cliquer ici pour t\u00e9l\u00e9charger votre exemplaire<\/a><\/figcaption><\/figure>\n\n\n\n<p><\/p>\n","protected":false},"excerpt":{"rendered":"<p>Cliquez ici pour t\u00e9l\u00e9charger votre exemplaire Cliquez ici pour t\u00e9l\u00e9charger votre exemplaire Cliquez ici pour t\u00e9l\u00e9charger votre exemplaire Cliquez ici pour t\u00e9l\u00e9charger votre exemplaire Cliquez ici pour t\u00e9l\u00e9charger votre exemplaire Cliquez ici pour t\u00e9l\u00e9charger votre exemplaire Cliquez ici pour t\u00e9l\u00e9charger &hellip; <a href=\"https:\/\/ppschiltigheim.net\/index.php\/grains-de-sel-2\/\">Continuer la lecture <span class=\"meta-nav\">&rarr;<\/span><\/a><\/p>\n","protected":false},"author":1,"featured_media":0,"parent":0,"menu_order":0,"comment_status":"closed","ping_status":"closed","template":"","meta":{"footnotes":""},"class_list":["post-90","page","type-page","status-publish","hentry"],"_links":{"self":[{"href":"https:\/\/ppschiltigheim.net\/index.php\/wp-json\/wp\/v2\/pages\/90","targetHints":{"allow":["GET"]}}],"collection":[{"href":"https:\/\/ppschiltigheim.net\/index.php\/wp-json\/wp\/v2\/pages"}],"about":[{"href":"https:\/\/ppschiltigheim.net\/index.php\/wp-json\/wp\/v2\/types\/page"}],"author":[{"embeddable":true,"href":"https:\/\/ppschiltigheim.net\/index.php\/wp-json\/wp\/v2\/users\/1"}],"replies":[{"embeddable":true,"href":"https:\/\/ppschiltigheim.net\/index.php\/wp-json\/wp\/v2\/comments?post=90"}],"version-history":[{"count":37,"href":"https:\/\/ppschiltigheim.net\/index.php\/wp-json\/wp\/v2\/pages\/90\/revisions"}],"predecessor-version":[{"id":1523,"href":"https:\/\/ppschiltigheim.net\/index.php\/wp-json\/wp\/v2\/pages\/90\/revisions\/1523"}],"wp:attachment":[{"href":"https:\/\/ppschiltigheim.net\/index.php\/wp-json\/wp\/v2\/media?parent=90"}],"curies":[{"name":"wp","href":"https:\/\/api.w.org\/{rel}","templated":true}]}}